 of w?
13
Let l = -2077 + 4135. What are the prime factors of l?
2, 3, 7
Let b = 38 - 73. Let r(c) = 11*c - 160. Let u be r(14). Let j = u - b. What are the prime factors of j?
29
Let q(j) = 2*j**3 - 2*j**2 - 2*j - 4. Let g be 4 - (-4 + -2 - -2). Let i = g - 5. What are the prime factors of q(i)?
2, 13
Suppose 0 = 17*g - 32335 + 3486. What are the prime factors of g?
1697
Let x(u) = -11 + 19*u + 18 + 3 + 5*u. List the prime factors of x(3).
2, 41
Suppose 2*d + 3*d + 5*x + 36495 = 0, -5*x = 4*d + 29199. List the prime factors of (-4)/30 - d/45.
2, 3
Let h(a) = 2*a**2 + 4*a - 21. Let n be h(6). List the prime factors of n - (-1)/(2/(-4)).
73
Suppose -139 = -5*m + 36. Suppose 5*t = 5*b + m, -5*t + 89 = 4*b + 18. Suppose -q - 96 = -4*d, 3*d + 4*q = 42 + t. List the prime factors of d.
23
Suppose -3*i + 4 = -4*i. List the prime factors of 101/7 - i/((-84)/9).
2, 7
Let i(s) = -61*s**3 + 46*s**2 + s. Let x be i(1). Suppose -5*p - n = -0*n - 273, -p = -n - 57. Let u = p - x. List the prime factors of u.
3, 23
Suppose 1049*r = 1045*r + 428. List the prime factors of r.
107
Let y = 792 + -90. List the prime factors of y.
2, 3, 13
Let g(l) = -l**2 - 12*l + 34. Let s be g(-14). Let t be (1/((-3)/s))/2. What are the prime factors of (t - -1) + 152/4?
2, 19
Suppose 5*u = -0*u + 35. Suppose -5*t + 106 - 31 = 0. Let n = u + t. List the prime factors of n.
2, 11
Let y = 3321 - 2264. List the prime factors of y.
7, 151
Suppose 6*g = -0*g + 3222. List the prime factors of g.
3, 179
Let t(o) = o**3 - 5*o**2 + 7*o - 2. Let f be t(3). List the prime factors of 20/1*((-15)/(-10))/f.
2, 3, 5
Let u = 485 + 520. What are the prime factors of u?
3, 5, 67
Let t(k) = 4*k**3 - 11*k**2 + 3*k - 3. What are the prime factors of t(5)?
3, 79
Let k = 4 - 9. Let f(p) = 2*p**2 + 4*p + 3*p**3 + 3*p**2 + 3 - 2*p**3 + p**2. What are the prime factors of f(k)?
2
Suppose 2*p - 2617 = -b, 0 = -2*b - 0*b - 2*p + 5230. What are the prime factors of b?
3, 13, 67
Let k(d) = -d**3 + 8*d**2 - 7*d + 3. Let o be k(7). Suppose 0 = -5*c - 3*l + 104, 0 = o*c + 8*l - 3*l - 72. What are the prime factors of c?
19
Let k = 126 - 88. Let t = -58 + k. What are the prime factors of (-82)/(-3) - t/(-15)?
2, 13
Suppose 0 = 7*s - 8*s - 108. Let h = 154 + s. What are the prime factors of h?
2, 23
Let a = -27 - -34. Suppose -a*f = -9 - 12. Suppose f*y = 4*x - 0*x - 179, -2*y - 88 = -2*x. List the prime factors of x.
47
What are the prime factors of (836/(-132))/(1/(-9)) - 7?
2, 5
Suppose 43758 = 20*y + 6*y. List the prime factors of y.
3, 11, 17
Let m be (0 - (-92)/(-6))/((-12)/486). Suppose 3*n - 12*n = -m. List the prime factors of n.
3, 23
Suppose -4*i + 3*z = 53 - 196, -105 = -3*i + 3*z. Suppose -3*p + 4*p = i. What are the prime factors of p?
2, 19
Let n = 95 + -120. List the prime factors of 10/n + 3426/15.
2, 3, 19
Let i be (1/3)/((-172)/(-171) + -1). Let u = i - -2. List the prime factors of u.
59
Let n = -10 - -12. Suppose -n*x = -2*u + 2*x + 16, 5*x = 3*u - 29. What are the prime factors of u - 2*(-4)/8?
19
Let y(u) = u**3 - 2*u**2 + 2*u + 4. Let d(i) = i**2 + 9*i + 2. Let x be d(-9). List the prime factors of y(x).
2
Let n(s) = -s**2 + 8*s + 20. Let m be n(10). List the prime factors of (3 - 0 - m)*(-60)/(-18).
2, 5
Let f = -6 - -11. Suppose -6*b - 10 = -b + 5*s, f*s + 22 = b. List the prime factors of (1 + 4)/(b/2).
5
Suppose -3*j = -37 - 68. What are the prime factors of j/1*(10 - 5)?
5, 7
Suppose -5*a - u + 122 = 0, -6*u = 2*a - 2*u - 56. Suppose -5*i = -3*g - 22, 4*i - 2*i - a = 5*g. Let z = 23 + g. What are the prime factors of z?
19
Suppose -5*j - 12978 = 6*o - 9*o, -2*o - 4*j + 8674 = 0. List the prime factors of o.
61, 71
Suppose -2919 = -12*c + 9*c. Suppose 7*u - 2*u - c = -2*v, -4*u - v + 776 = 0. What are the prime factors of u?
193
Let v = -36 - -39. Suppose -2*c + 10 = 0, -3*c = v*j + j - 263. List the prime factors of j.
2, 31
Let t(p) = -17*p - 47. Let q be t(-3). Suppose -2*g = g - 210. Suppose q*o + o - g = 0. What are the prime factors of o?
2, 7
Suppose -b + 4*b + 3 = 0. Let n be b - -6*(3 + -4). Let z = n + 11. What are the prime factors of z?
2
Let r(z) = 8*z - 16. Let d be r(2). Suppose 2*j - 8*j + 36 = d. What are the prime factors of j?
2, 3
Let z = -144 + 79. Let o = z + 135. What are the prime factors of o?
2, 5, 7
Suppose -589*n + 593*n - 2272 = 0. List the prime factors of n.
2, 71
Suppose 2*z + j - 5 = 32, 84 = 4*z + 4*j. Suppose -i - h + z + 35 = 0, -1 = h. What are the prime factors of i?
2, 13
Suppose 0 = -4*p - 4*q + 4, 17 = 5*p - q - 18. List the prime factors of (154/21 - p)*(-15)/(-2).
2, 5
Suppose 3510 = -6*a + 16*a. What are the prime factors of a?
3, 13
Suppose -550 = 4*f + 2*i, 6*f - 3*f + 2*i + 412 = 0. What are the prime factors of (f/(-8))/(24/128)?
2, 23
Let b(y) = y**2 - 11*y + 4. Let t be b(11). Suppose -5*n + 0*v + 299 = t*v, -2*n + 5*v + 146 = 0. List the prime factors of n.
3, 7
Let j(x) = -x**2 - 11*x - 17. Let i be j(-9). What are the prime factors of 45 + (-2 - i) - 2?
2, 5
Suppose -2 = -2*h + h, 5*h = 4*n - 34. What are the prime factors of n?
11
Suppose 17*q = -25 + 8. Let s(t) = 2*t**3 - 61*t**3 - 2 + t**2 + 1. What are the prime factors of s(q)?
59
Suppose 0 = 2*p - 2 + 6, 0 = y + p + 1. What are the prime factors of -103*(-5)/(y - -4)?
103
Let l(d) = -d + 2. Let r be l(14). Let u be 10*(r/10 + -2). List the prime factors of u/(-18) + 2/9.
2
Suppose -582 = -31*n + 21056. What are the prime factors of n?
2, 349
Let n(y) = -y + 1. Let o(j) = -2*j - 11. Let b(v) = 6*n(v) - o(v). What are the prime factors of b(-15)?
7, 11
Suppose 5*y = -5*s, 7*y + 4*s - 4 = 2*y. Suppose 5*g + 16 - 36 = -4*o, y*g - o + 5 = 0. Suppose g*i + 3*i = 126. What are the prime factors of i?
2, 3, 7
Suppose 21*w - 23*w + 4 = 0. List the prime factors of 413/(-21)*-3 + 1*w.
61
Let n = 798 - 561. Suppose -9*h + n = -8*h. What are the prime factors of h?
3, 79
Suppose -4*k + 7*k + 6470 = 4*d, -2*k = 2*d - 3228. List the prime factors of d.
2, 101
Suppose -3*k + 371 + 349 = 0. What are the prime factors of k?
2, 3, 5
What are the prime factors of ((-3216)/40 - -8)/(1/(-5))?
2, 181
Let t be ((3 - -1) + 1)/1. Suppose 7*k = t*k + 224. List the prime factors of k.
2, 7
Suppose 5*w = 3*y - 3761, -101*y - 3*w + 1277 = -100*y. List the prime factors of y.
2, 631
Suppose -29*i + 355 = -34*i. Let z = i + 144. List the prime factors of z.
73
Suppose -3*n = 3, -2*n - 692 + 12 = -2*z. List the prime factors of z.
3, 113
Suppose 3*u - 2 = u. Let f(q) = -3*q**2 - q**3 + u + q + 3*q**3 + q + 0*q**3. What are the prime factors of f(2)?
3
Suppose -5*a = -3 - 7. Suppose 9 = a*w + 5. Suppose 4*y - 24 = -2*x - w*x, -2*x - 4 = 0. What are the prime factors of y?
2
Let i(c) = -13*c**2 + 15*c - 27. Let n be i(4). Let d = n - -298. What are the prime factors of d?
3, 41
Suppose -5*u = 0, 2*z - 6 = -0*z + 3*u. Suppose z*n = -0*n + 855. What are the prime factors of (-6)/15*n/(-6)?
19
Suppose -3*w + 3*h + 11 = -166, 5*w - 3*h = 287. Suppose -4*o = -5*y - 23, -o + 15 = -2*y + 7. Suppose w = 7*f - o*f. List the prime factors of f.
11
Let b = 210 - -1168. What are the prime factors of b?
2, 13, 53
Suppose v - 22 = -9. Let a = v - 10. Suppose -244 = -5*g - a*i - 20, 0 = -g - 3*i + 40. List the prime factors of g.
2, 23
Let c(h) = 55 - 25*h - 20 + 16*h. What are the prime factors of c(-9)?
2, 29
Let m = -1705 - -2514. List the prime factors of m.
809
Suppose 0 = 75*r - 18*r - 279813. List the prime factors of r.
4909
Let a(u) = 28*u**2 + 6*u - 9. What are the prime factors of a(3)?
3, 29
Suppose 134*z = 40*z + 317062. List the prime factors of z.
3373
Suppose 7 = y - 11. Suppose -52 - y = -5*h. Suppose 9*f - h*f = -155. What are the prime factors of f?
31
Let y = -279 + 2550. What are the prime factors of y?
3, 757
Suppose 0 = -j + 6*i - 2*i - 34, 2*i - 152 = 5*j. Let n(v) = -3*v**2 - 2*v. Let m be n(-3). Let w = m - j. What are the prime factors of w?
3
Let k = 149 - -56. What are the prime factors of k?
5, 41
Suppose 76*k - 5661 = 67*k. What are the prime factors of k?
17, 37
Suppose 5*g = 4*y - 312, 0*y - 5*g = 3*y - 199. Let l = 100 - y. What are the prime factors of l?
3
Let s = 275 + 518. List the prime factors of s.
13, 61
Suppose -2*l = 3*h - 38, 5*h - 80 = -3*l - 18. Let o(k) = k**3 - 8*k**2 -